{"id":1645,"date":"2024-01-09T20:43:02","date_gmt":"2024-01-09T20:43:02","guid":{"rendered":"https:\/\/fempi.com.br\/?page_id=1645"},"modified":"2024-01-13T15:26:00","modified_gmt":"2024-01-13T15:26:00","slug":"noticias","status":"publish","type":"page","link":"https:\/\/fempi.com.br\/index.php\/publicacoes\/noticias\/","title":{"rendered":"Not\u00edcias"},"content":{"rendered":"\t\t<div data-elementor-type=\"wp-page\" data-elementor-id=\"1645\" class=\"elementor elementor-1645\" data-elementor-post-type=\"page\">\n\t\t\t\t\t\t<section class=\"elementor-section elementor-top-section elementor-element elementor-element-6f90e52 elementor-section-full_width elementor-section-height-min-height elementor-section-content-middle elementor-section-height-default elementor-section-items-middle\" data-id=\"6f90e52\" data-element_type=\"section\" data-e-type=\"section\" data-settings=\"{&quot;background_background&quot;:&quot;classic&quot;}\">\n\t\t\t\t\t\t<div class=\"elementor-container elementor-column-gap-default\">\n\t\t\t\t\t<div class=\"elementor-column elementor-col-100 elementor-top-column elementor-element elementor-element-062131c\" data-id=\"062131c\" data-element_type=\"column\" data-e-type=\"column\">\n\t\t\t<div class=\"elementor-widget-wrap elementor-element-populated\">\n\t\t\t\t\t\t<div class=\"elementor-element elementor-element-df889c8 animated-slow elementor-invisible elementor-widget elementor-widget-heading\" data-id=\"df889c8\" data-element_type=\"widget\" data-e-type=\"widget\" data-settings=\"{&quot;_animation_mobile&quot;:&quot;slideInUp&quot;,&quot;_animation&quot;:&quot;slideInUp&quot;}\" data-widget_type=\"heading.default\">\n\t\t\t\t<div class=\"elementor-widget-container\">\n\t\t\t\t\t<h2 class=\"elementor-heading-title elementor-size-default\">Not\u00edcias Fempi<\/h2>\t\t\t\t<\/div>\n\t\t\t\t<\/div>\n\t\t\t\t<div class=\"elementor-element elementor-element-525bfba animated-slow elementor-invisible elementor-widget elementor-widget-heading\" data-id=\"525bfba\" data-element_type=\"widget\" data-e-type=\"widget\" data-settings=\"{&quot;_animation_mobile&quot;:&quot;slideInUp&quot;,&quot;_animation&quot;:&quot;slideInUp&quot;}\" data-widget_type=\"heading.default\">\n\t\t\t\t<div class=\"elementor-widget-container\">\n\t\t\t\t\t<h2 class=\"elementor-heading-title elementor-size-default\">Atualiza\u00e7\u00f5es sobre a atua\u00e7\u00e3o da Fempi na regi\u00e3o do Alto Tiet\u00ea<\/h2>\t\t\t\t<\/div>\n\t\t\t\t<\/div>\n\t\t\t\t\t<\/div>\n\t\t<\/div>\n\t\t\t\t\t<\/div>\n\t\t<\/section>\n\t\t\t\t<section class=\"elementor-section elementor-top-section elementor-element elementor-element-5518a8a elementor-section-height-min-height elementor-section-items-top elementor-section-boxed elementor-section-height-default\" data-id=\"5518a8a\" data-element_type=\"section\" data-e-type=\"section\" data-settings=\"{&quot;background_background&quot;:&quot;classic&quot;}\">\n\t\t\t\t\t\t<div class=\"elementor-container elementor-column-gap-default\">\n\t\t\t\t\t<div class=\"elementor-column elementor-col-100 elementor-top-column elementor-element elementor-element-22bb55f\" data-id=\"22bb55f\" data-element_type=\"column\" data-e-type=\"column\">\n\t\t\t<div class=\"elementor-widget-wrap elementor-element-populated\">\n\t\t\t\t\t\t<div class=\"elementor-element elementor-element-6e4769f elementor-widget elementor-widget-upk-hazel-grid\" data-id=\"6e4769f\" data-element_type=\"widget\" data-e-type=\"widget\" data-settings=\"{&quot;upk_in_animation_show&quot;:&quot;yes&quot;}\" data-widget_type=\"upk-hazel-grid.default\">\n\t\t\t\t<div class=\"elementor-widget-container\">\n\t\t\t\t\t\t\t<div class=\"upk-hazel-grid upk-ajax-grid\" data-loadmore=\"[]\">\n\t\t\t<div class=\"upk-post-grid upk-ajax-grid-wrap upk-style-1 upk-text-position-bottom-center upk-content-style-1 upk-in-animation\" data-in-animation-delay=\"\">\n\n\t\t\t\t\n\t\t\t\t\t\t\t<div class=\"upk-item\">\n\t\t\t<div class=\"upk-item-box\">\n\t\t\t\t<img fetchpriority=\"high\" decoding=\"async\" width=\"300\" height=\"200\" src=\"https:\/\/fempi.com.br\/wp-content\/uploads\/2024\/01\/Cestas-Basicas-Fempi-300x200.jpg\" class=\"upk-img\" alt=\"Prefeitura recebe cestas de alimentos da Fempi\" srcset=\"https:\/\/fempi.com.br\/wp-content\/uploads\/2024\/01\/Cestas-Basicas-Fempi-300x200.jpg 300w, https:\/\/fempi.com.br\/wp-content\/uploads\/2024\/01\/Cestas-Basicas-Fempi-1024x682.jpg 1024w, https:\/\/fempi.com.br\/wp-content\/uploads\/2024\/01\/Cestas-Basicas-Fempi-768x512.jpg 768w, https:\/\/fempi.com.br\/wp-content\/uploads\/2024\/01\/Cestas-Basicas-Fempi-1000x666.jpg 1000w, https:\/\/fempi.com.br\/wp-content\/uploads\/2024\/01\/Cestas-Basicas-Fempi-230x153.jpg 230w, https:\/\/fempi.com.br\/wp-content\/uploads\/2024\/01\/Cestas-Basicas-Fempi-350x233.jpg 350w, https:\/\/fempi.com.br\/wp-content\/uploads\/2024\/01\/Cestas-Basicas-Fempi-480x320.jpg 480w, https:\/\/fempi.com.br\/wp-content\/uploads\/2024\/01\/Cestas-Basicas-Fempi-e1704899364453.jpg 900w\" sizes=\"(max-width: 300px) 100vw, 300px\" \/>\n\t\t\t\t<div class=\"upk-content\">\n\t\t\t\t\t\t\t<div class=\"upk-category\">\n\t\t\t<a href=\"https:\/\/fempi.com.br\/index.php\/category\/noticias\/\" \n\t\t\t\t\t\t\taria-label=\"Category Not\u00edcias\">Not\u00edcias<\/a>\t\t<\/div>\n\t\n\t\t\t\t\t<div class=\"upk-title-wrap\">\n\t\t\t\t\t\t<h3 class=\"upk-title\"><a href=\"https:\/\/fempi.com.br\/index.php\/2024\/01\/10\/prefeitura-recebe-cestas-de-alimentos-da-fempi-2\/\" title=\"Prefeitura recebe cestas de alimentos da Fempi\" class=\"title-animation-\" aria-label=\"Prefeitura recebe cestas de alimentos da Fempi\">Prefeitura recebe cestas de alimentos da Fempi<\/a><\/h3>\t\t\t\t\t<\/div>\n\n\t\t\t\t\t\n\n\t\t\t\t<\/div>\n\t\t\t<\/div>\n\t\t<\/div>\n\t\n\t\t\t\t\n\t\t\t\t\t\t\t<div class=\"upk-item\">\n\t\t\t<div class=\"upk-item-box\">\n\t\t\t\t<img decoding=\"async\" width=\"300\" height=\"225\" src=\"https:\/\/fempi.com.br\/wp-content\/uploads\/2024\/01\/Ifsp_Fempi-300x225.jpg\" class=\"upk-img\" alt=\"Parceria IFSP C\u00e2mpus Itaquaquecetuba e FEMPI &#8211; A\u00e7\u00e3o para ajudar as v\u00edtimas da calamidade ocasionada pelas chuvas no litoral norte\" srcset=\"https:\/\/fempi.com.br\/wp-content\/uploads\/2024\/01\/Ifsp_Fempi-300x225.jpg 300w, https:\/\/fempi.com.br\/wp-content\/uploads\/2024\/01\/Ifsp_Fempi-768x576.jpg 768w, https:\/\/fempi.com.br\/wp-content\/uploads\/2024\/01\/Ifsp_Fempi-1000x750.jpg 1000w, https:\/\/fempi.com.br\/wp-content\/uploads\/2024\/01\/Ifsp_Fempi-230x173.jpg 230w, https:\/\/fempi.com.br\/wp-content\/uploads\/2024\/01\/Ifsp_Fempi-350x263.jpg 350w, https:\/\/fempi.com.br\/wp-content\/uploads\/2024\/01\/Ifsp_Fempi-480x360.jpg 480w, https:\/\/fempi.com.br\/wp-content\/uploads\/2024\/01\/Ifsp_Fempi.jpg 1024w\" sizes=\"(max-width: 300px) 100vw, 300px\" \/>\n\t\t\t\t<div class=\"upk-content\">\n\t\t\t\t\t\t\t<div class=\"upk-category\">\n\t\t\t<a href=\"https:\/\/fempi.com.br\/index.php\/category\/noticias\/\" \n\t\t\t\t\t\t\taria-label=\"Category Not\u00edcias\">Not\u00edcias<\/a>\t\t<\/div>\n\t\n\t\t\t\t\t<div class=\"upk-title-wrap\">\n\t\t\t\t\t\t<h3 class=\"upk-title\"><a href=\"https:\/\/fempi.com.br\/index.php\/2024\/01\/10\/parceria-ifsp-campus-itaquaquecetuba-e-fempi-acao-para-ajudar-as-vitimas-da-calamidade-ocasionada-pelas-chuvas-no-litoral-norte\/\" title=\"Parceria IFSP C\u00e2mpus Itaquaquecetuba e FEMPI &#8211; A\u00e7\u00e3o para ajudar as v\u00edtimas da calamidade ocasionada pelas chuvas no litoral norte\" class=\"title-animation-\" aria-label=\"Parceria IFSP C\u00e2mpus Itaquaquecetuba e FEMPI &#8211; A\u00e7\u00e3o para ajudar as v\u00edtimas da calamidade ocasionada pelas chuvas no litoral norte\">Parceria IFSP C\u00e2mpus Itaquaquecetuba e FEMPI &#8211; A\u00e7\u00e3o para ajudar as v\u00edtimas da calamidade ocasionada pelas chuvas no litoral norte<\/a><\/h3>\t\t\t\t\t<\/div>\n\n\t\t\t\t\t\n\n\t\t\t\t<\/div>\n\t\t\t<\/div>\n\t\t<\/div>\n\t\n\t\t\t\t\n\t\t\t\t\t\t\t<div class=\"upk-item\">\n\t\t\t<div class=\"upk-item-box\">\n\t\t\t\t<img decoding=\"async\" width=\"300\" height=\"225\" src=\"https:\/\/fempi.com.br\/wp-content\/uploads\/2024\/01\/Encontro_FEMPI-300x225.jpeg\" class=\"upk-img\" alt=\"Reuni\u00e3o com a FEMPI para alinhamento de poss\u00edveis projetos a serem desenvolvidos no IFSP\" srcset=\"https:\/\/fempi.com.br\/wp-content\/uploads\/2024\/01\/Encontro_FEMPI-300x225.jpeg 300w, https:\/\/fempi.com.br\/wp-content\/uploads\/2024\/01\/Encontro_FEMPI-1024x768.jpeg 1024w, https:\/\/fempi.com.br\/wp-content\/uploads\/2024\/01\/Encontro_FEMPI-768x576.jpeg 768w, https:\/\/fempi.com.br\/wp-content\/uploads\/2024\/01\/Encontro_FEMPI-1536x1152.jpeg 1536w, https:\/\/fempi.com.br\/wp-content\/uploads\/2024\/01\/Encontro_FEMPI-1000x750.jpeg 1000w, https:\/\/fempi.com.br\/wp-content\/uploads\/2024\/01\/Encontro_FEMPI-230x173.jpeg 230w, https:\/\/fempi.com.br\/wp-content\/uploads\/2024\/01\/Encontro_FEMPI-350x263.jpeg 350w, https:\/\/fempi.com.br\/wp-content\/uploads\/2024\/01\/Encontro_FEMPI-480x360.jpeg 480w, https:\/\/fempi.com.br\/wp-content\/uploads\/2024\/01\/Encontro_FEMPI.jpeg 1600w\" sizes=\"(max-width: 300px) 100vw, 300px\" \/>\n\t\t\t\t<div class=\"upk-content\">\n\t\t\t\t\t\t\t<div class=\"upk-category\">\n\t\t\t<a href=\"https:\/\/fempi.com.br\/index.php\/category\/noticias\/\" \n\t\t\t\t\t\t\taria-label=\"Category Not\u00edcias\">Not\u00edcias<\/a>\t\t<\/div>\n\t\n\t\t\t\t\t<div class=\"upk-title-wrap\">\n\t\t\t\t\t\t<h3 class=\"upk-title\"><a href=\"https:\/\/fempi.com.br\/index.php\/2024\/01\/10\/reuniao-com-a-fempi-para-alinhamento-de-possiveis-projetos-a-serem-desenvolvidos-no-ifsp\/\" title=\"Reuni\u00e3o com a FEMPI para alinhamento de poss\u00edveis projetos a serem desenvolvidos no IFSP\" class=\"title-animation-\" aria-label=\"Reuni\u00e3o com a FEMPI para alinhamento de poss\u00edveis projetos a serem desenvolvidos no IFSP\">Reuni\u00e3o com a FEMPI para alinhamento de poss\u00edveis projetos a serem desenvolvidos no IFSP<\/a><\/h3>\t\t\t\t\t<\/div>\n\n\t\t\t\t\t\n\n\t\t\t\t<\/div>\n\t\t\t<\/div>\n\t\t<\/div>\n\t\n\t\t\t\t\t\t\t<\/div>\n\t\t<\/div>\n\n\t\t\t\t\n\t\t\t\t\t<div class=\"ep-pagination\">\n\t\t\t\t\t\t\t<\/div>\n\t\t\t\t<\/div>\n\t\t\t\t<\/div>\n\t\t\t\t\t<\/div>\n\t\t<\/div>\n\t\t\t\t\t<\/div>\n\t\t<\/section>\n\t\t\t\t<\/div>\n\t\t","protected":false},"excerpt":{"rendered":"<p>Not\u00edcias Fempi Atualiza\u00e7\u00f5es sobre a atua\u00e7\u00e3o da Fempi na regi\u00e3o do Alto Tiet\u00ea Not\u00edcias Prefeitura recebe cestas de alimentos da Fempi Not\u00edcias [&hellip;]<\/p>\n","protected":false},"author":1,"featured_media":0,"parent":47,"menu_order":0,"comment_status":"closed","ping_status":"closed","template":"page-templates\/page_front-page.php","meta":{"_eb_attr":"","footnotes":""},"class_list":["post-1645","page","type-page","status-publish","hentry"],"yoast_head":"<!-- This site is optimized with the Yoast SEO plugin v27.5 - https:\/\/yoast.com\/product\/yoast-seo-wordpress\/ -->\n<title>Not\u00edcias - Fempi<\/title>\n<meta name=\"robots\" content=\"index, follow, max-snippet:-1, max-image-preview:large, max-video-preview:-1\" \/>\n<link rel=\"canonical\" href=\"https:\/\/fempi.com.br\/index.php\/publicacoes\/noticias\/\" \/>\n<meta property=\"og:locale\" content=\"pt_BR\" \/>\n<meta property=\"og:type\" content=\"article\" \/>\n<meta property=\"og:title\" content=\"Not\u00edcias - Fempi\" \/>\n<meta property=\"og:description\" content=\"Not\u00edcias Fempi Atualiza\u00e7\u00f5es sobre a atua\u00e7\u00e3o da Fempi na regi\u00e3o do Alto Tiet\u00ea Not\u00edcias Prefeitura recebe cestas de alimentos da Fempi Not\u00edcias [&hellip;]\" \/>\n<meta property=\"og:url\" content=\"https:\/\/fempi.com.br\/index.php\/publicacoes\/noticias\/\" \/>\n<meta property=\"og:site_name\" content=\"Fempi\" \/>\n<meta property=\"article:publisher\" content=\"https:\/\/www.facebook.com\/FempiOficial\" \/>\n<meta property=\"article:modified_time\" content=\"2024-01-13T15:26:00+00:00\" \/>\n<meta property=\"og:image\" content=\"https:\/\/fempi.com.br\/wp-content\/uploads\/2024\/01\/Cestas-Basicas-Fempi-300x200.jpg\" \/>\n<meta name=\"twitter:card\" content=\"summary_large_image\" \/>\n<meta name=\"twitter:label1\" content=\"Est. tempo de leitura\" \/>\n\t<meta name=\"twitter:data1\" content=\"1 minuto\" \/>\n<script type=\"application\/ld+json\" class=\"yoast-schema-graph\">{\"@context\":\"https:\\\/\\\/schema.org\",\"@graph\":[{\"@type\":\"WebPage\",\"@id\":\"https:\\\/\\\/fempi.com.br\\\/index.php\\\/publicacoes\\\/noticias\\\/\",\"url\":\"https:\\\/\\\/fempi.com.br\\\/index.php\\\/publicacoes\\\/noticias\\\/\",\"name\":\"Not\u00edcias - Fempi\",\"isPartOf\":{\"@id\":\"https:\\\/\\\/fempi.com.br\\\/#website\"},\"primaryImageOfPage\":{\"@id\":\"https:\\\/\\\/fempi.com.br\\\/index.php\\\/publicacoes\\\/noticias\\\/#primaryimage\"},\"image\":{\"@id\":\"https:\\\/\\\/fempi.com.br\\\/index.php\\\/publicacoes\\\/noticias\\\/#primaryimage\"},\"thumbnailUrl\":\"https:\\\/\\\/fempi.com.br\\\/wp-content\\\/uploads\\\/2024\\\/01\\\/Cestas-Basicas-Fempi-300x200.jpg\",\"datePublished\":\"2024-01-09T20:43:02+00:00\",\"dateModified\":\"2024-01-13T15:26:00+00:00\",\"breadcrumb\":{\"@id\":\"https:\\\/\\\/fempi.com.br\\\/index.php\\\/publicacoes\\\/noticias\\\/#breadcrumb\"},\"inLanguage\":\"pt-BR\",\"potentialAction\":[{\"@type\":\"ReadAction\",\"target\":[\"https:\\\/\\\/fempi.com.br\\\/index.php\\\/publicacoes\\\/noticias\\\/\"]}]},{\"@type\":\"ImageObject\",\"inLanguage\":\"pt-BR\",\"@id\":\"https:\\\/\\\/fempi.com.br\\\/index.php\\\/publicacoes\\\/noticias\\\/#primaryimage\",\"url\":\"https:\\\/\\\/fempi.com.br\\\/wp-content\\\/uploads\\\/2024\\\/01\\\/Cestas-Basicas-Fempi-300x200.jpg\",\"contentUrl\":\"https:\\\/\\\/fempi.com.br\\\/wp-content\\\/uploads\\\/2024\\\/01\\\/Cestas-Basicas-Fempi-300x200.jpg\"},{\"@type\":\"BreadcrumbList\",\"@id\":\"https:\\\/\\\/fempi.com.br\\\/index.php\\\/publicacoes\\\/noticias\\\/#breadcrumb\",\"itemListElement\":[{\"@type\":\"ListItem\",\"position\":1,\"name\":\"In\u00edcio\",\"item\":\"https:\\\/\\\/fempi.com.br\\\/\"},{\"@type\":\"ListItem\",\"position\":2,\"name\":\"Links \u00dateis\",\"item\":\"https:\\\/\\\/fempi.com.br\\\/index.php\\\/publicacoes\\\/\"},{\"@type\":\"ListItem\",\"position\":3,\"name\":\"Not\u00edcias\"}]},{\"@type\":\"WebSite\",\"@id\":\"https:\\\/\\\/fempi.com.br\\\/#website\",\"url\":\"https:\\\/\\\/fempi.com.br\\\/\",\"name\":\"Fempi\",\"description\":\"Frente Empresarial Pr\u00f3 Itaquaquecetuba\",\"publisher\":{\"@id\":\"https:\\\/\\\/fempi.com.br\\\/#organization\"},\"potentialAction\":[{\"@type\":\"SearchAction\",\"target\":{\"@type\":\"EntryPoint\",\"urlTemplate\":\"https:\\\/\\\/fempi.com.br\\\/?s={search_term_string}\"},\"query-input\":{\"@type\":\"PropertyValueSpecification\",\"valueRequired\":true,\"valueName\":\"search_term_string\"}}],\"inLanguage\":\"pt-BR\"},{\"@type\":\"Organization\",\"@id\":\"https:\\\/\\\/fempi.com.br\\\/#organization\",\"name\":\"Frente Empresarial Pro Industria\",\"url\":\"https:\\\/\\\/fempi.com.br\\\/\",\"logo\":{\"@type\":\"ImageObject\",\"inLanguage\":\"pt-BR\",\"@id\":\"https:\\\/\\\/fempi.com.br\\\/#\\\/schema\\\/logo\\\/image\\\/\",\"url\":\"https:\\\/\\\/fempi.com.br\\\/wp-content\\\/uploads\\\/2022\\\/10\\\/cropped-FEMPI2.png\",\"contentUrl\":\"https:\\\/\\\/fempi.com.br\\\/wp-content\\\/uploads\\\/2022\\\/10\\\/cropped-FEMPI2.png\",\"width\":224,\"height\":122,\"caption\":\"Frente Empresarial Pro Industria\"},\"image\":{\"@id\":\"https:\\\/\\\/fempi.com.br\\\/#\\\/schema\\\/logo\\\/image\\\/\"},\"sameAs\":[\"https:\\\/\\\/www.facebook.com\\\/FempiOficial\"]}]}<\/script>\n<!-- \/ Yoast SEO plugin. -->","yoast_head_json":{"title":"Not\u00edcias - Fempi","robots":{"index":"index","follow":"follow","max-snippet":"max-snippet:-1","max-image-preview":"max-image-preview:large","max-video-preview":"max-video-preview:-1"},"canonical":"https:\/\/fempi.com.br\/index.php\/publicacoes\/noticias\/","og_locale":"pt_BR","og_type":"article","og_title":"Not\u00edcias - Fempi","og_description":"Not\u00edcias Fempi Atualiza\u00e7\u00f5es sobre a atua\u00e7\u00e3o da Fempi na regi\u00e3o do Alto Tiet\u00ea Not\u00edcias Prefeitura recebe cestas de alimentos da Fempi Not\u00edcias [&hellip;]","og_url":"https:\/\/fempi.com.br\/index.php\/publicacoes\/noticias\/","og_site_name":"Fempi","article_publisher":"https:\/\/www.facebook.com\/FempiOficial","article_modified_time":"2024-01-13T15:26:00+00:00","og_image":[{"url":"https:\/\/fempi.com.br\/wp-content\/uploads\/2024\/01\/Cestas-Basicas-Fempi-300x200.jpg","type":"","width":"","height":""}],"twitter_card":"summary_large_image","twitter_misc":{"Est. tempo de leitura":"1 minuto"},"schema":{"@context":"https:\/\/schema.org","@graph":[{"@type":"WebPage","@id":"https:\/\/fempi.com.br\/index.php\/publicacoes\/noticias\/","url":"https:\/\/fempi.com.br\/index.php\/publicacoes\/noticias\/","name":"Not\u00edcias - Fempi","isPartOf":{"@id":"https:\/\/fempi.com.br\/#website"},"primaryImageOfPage":{"@id":"https:\/\/fempi.com.br\/index.php\/publicacoes\/noticias\/#primaryimage"},"image":{"@id":"https:\/\/fempi.com.br\/index.php\/publicacoes\/noticias\/#primaryimage"},"thumbnailUrl":"https:\/\/fempi.com.br\/wp-content\/uploads\/2024\/01\/Cestas-Basicas-Fempi-300x200.jpg","datePublished":"2024-01-09T20:43:02+00:00","dateModified":"2024-01-13T15:26:00+00:00","breadcrumb":{"@id":"https:\/\/fempi.com.br\/index.php\/publicacoes\/noticias\/#breadcrumb"},"inLanguage":"pt-BR","potentialAction":[{"@type":"ReadAction","target":["https:\/\/fempi.com.br\/index.php\/publicacoes\/noticias\/"]}]},{"@type":"ImageObject","inLanguage":"pt-BR","@id":"https:\/\/fempi.com.br\/index.php\/publicacoes\/noticias\/#primaryimage","url":"https:\/\/fempi.com.br\/wp-content\/uploads\/2024\/01\/Cestas-Basicas-Fempi-300x200.jpg","contentUrl":"https:\/\/fempi.com.br\/wp-content\/uploads\/2024\/01\/Cestas-Basicas-Fempi-300x200.jpg"},{"@type":"BreadcrumbList","@id":"https:\/\/fempi.com.br\/index.php\/publicacoes\/noticias\/#breadcrumb","itemListElement":[{"@type":"ListItem","position":1,"name":"In\u00edcio","item":"https:\/\/fempi.com.br\/"},{"@type":"ListItem","position":2,"name":"Links \u00dateis","item":"https:\/\/fempi.com.br\/index.php\/publicacoes\/"},{"@type":"ListItem","position":3,"name":"Not\u00edcias"}]},{"@type":"WebSite","@id":"https:\/\/fempi.com.br\/#website","url":"https:\/\/fempi.com.br\/","name":"Fempi","description":"Frente Empresarial Pr\u00f3 Itaquaquecetuba","publisher":{"@id":"https:\/\/fempi.com.br\/#organization"},"potentialAction":[{"@type":"SearchAction","target":{"@type":"EntryPoint","urlTemplate":"https:\/\/fempi.com.br\/?s={search_term_string}"},"query-input":{"@type":"PropertyValueSpecification","valueRequired":true,"valueName":"search_term_string"}}],"inLanguage":"pt-BR"},{"@type":"Organization","@id":"https:\/\/fempi.com.br\/#organization","name":"Frente Empresarial Pro Industria","url":"https:\/\/fempi.com.br\/","logo":{"@type":"ImageObject","inLanguage":"pt-BR","@id":"https:\/\/fempi.com.br\/#\/schema\/logo\/image\/","url":"https:\/\/fempi.com.br\/wp-content\/uploads\/2022\/10\/cropped-FEMPI2.png","contentUrl":"https:\/\/fempi.com.br\/wp-content\/uploads\/2022\/10\/cropped-FEMPI2.png","width":224,"height":122,"caption":"Frente Empresarial Pro Industria"},"image":{"@id":"https:\/\/fempi.com.br\/#\/schema\/logo\/image\/"},"sameAs":["https:\/\/www.facebook.com\/FempiOficial"]}]}},"_links":{"self":[{"href":"https:\/\/fempi.com.br\/index.php\/wp-json\/wp\/v2\/pages\/1645","targetHints":{"allow":["GET"]}}],"collection":[{"href":"https:\/\/fempi.com.br\/index.php\/wp-json\/wp\/v2\/pages"}],"about":[{"href":"https:\/\/fempi.com.br\/index.php\/wp-json\/wp\/v2\/types\/page"}],"author":[{"embeddable":true,"href":"https:\/\/fempi.com.br\/index.php\/wp-json\/wp\/v2\/users\/1"}],"replies":[{"embeddable":true,"href":"https:\/\/fempi.com.br\/index.php\/wp-json\/wp\/v2\/comments?post=1645"}],"version-history":[{"count":94,"href":"https:\/\/fempi.com.br\/index.php\/wp-json\/wp\/v2\/pages\/1645\/revisions"}],"predecessor-version":[{"id":1929,"href":"https:\/\/fempi.com.br\/index.php\/wp-json\/wp\/v2\/pages\/1645\/revisions\/1929"}],"up":[{"embeddable":true,"href":"https:\/\/fempi.com.br\/index.php\/wp-json\/wp\/v2\/pages\/47"}],"wp:attachment":[{"href":"https:\/\/fempi.com.br\/index.php\/wp-json\/wp\/v2\/media?parent=1645"}],"curies":[{"name":"wp","href":"https:\/\/api.w.org\/{rel}","templated":true}]}}